6827
List the prime factors of 225364.
2, 103, 547
What are the prime factors of 900517?
59, 15263
List the prime factors of 351960.
2, 3, 5, 7, 419
List the prime factors of 33742334.
2, 23, 47, 15607
List the prime factors of 47153.
61, 773
List the prime factors of 4327478.
2, 19, 47, 2423
List the prime factors of 368125.
5, 19, 31
List the prime factors of 37232703.
3, 17, 9013
List the prime factors of 58372.
2, 14593
What are the prime factors of 1706296?
2, 213287
What are the prime factors of 32845256?
2, 4105657
List the prime factors of 8689371.
3, 109, 26573
What are the prime factors of 14042486?
2, 1223, 5741
What are the prime factors of 82284?
2, 3, 6857
List the prime factors of 2004730.
2, 5, 7, 13, 2203
What are the prime factors of 4480590?
2, 3, 5, 233, 641
List the prime factors of 13993615.
5, 191, 14653
List the prime factors of 22256070.
2, 3, 5, 741869
What are the prime factors of 670111?
13, 19, 2713
What are the prime factors of 951354?
2, 3, 17, 3109
What are the prime factors of 139109?
139109
What are the prime factors of 3312386?
2, 7, 11, 137, 157
List the prime factors of 5751045.
3, 5, 227, 563
List the prime factors of 456337.
7, 67, 139
What are the prime factors of 301064?
2, 37633
What are the prime factors of 7694078?
2, 7, 78511
What are the prime factors of 2137814?
2, 7, 311, 491
What are the prime factors of 3349336?
2, 418667
What are the prime factors of 3336493?
167, 19979
List the prime factors of 1393487.
83, 103, 163
List the prime factors of 278694.
2, 3, 13, 397
List the prime factors of 65525.
5, 2621
What are the prime factors of 1549569?
3, 7, 113, 653
List the prime factors of 868944.
2, 3, 43, 421
List the prime factors of 186567.
3, 62189
What are the prime factors of 1017596?
2, 67, 3797
List the prime factors of 10454491.
10454491
What are the prime factors of 7303964?
2, 59, 30949
What are the prime factors of 396575?
5, 29, 547
List the prime factors of 353986.
2, 379, 467
List the prime factors of 2297432.
2, 287179
What are the prime factors of 5327?
7, 761
What are the prime factors of 189679?
7, 79
List the prime factors of 705370.
2, 5, 70537
What are the prime factors of 100996?
2, 7, 3607
List the prime factors of 312078.
2, 3, 13, 4001
List the prime factors of 299122.
2, 149561
What are the prime factors of 409809?
3, 136603
What are the prime factors of 110469?
3, 23, 1601
What are the prime factors of 756151?
11, 53, 1297
What are the prime factors of 285547?
283, 1009
List the prime factors of 133785.
3, 5, 991
List the prime factors of 665984.
2, 11, 43
List the prime factors of 1189880.
2, 5, 151, 197
List the prime factors of 303380.
2, 5, 7, 11, 197
What are the prime factors of 399118?
2, 199559
List the prime factors of 11131197.
3, 7, 11, 48187
What are the prime factors of 2649947?
53, 49999
List the prime factors of 331554.
2, 3, 55259
What are the prime factors of 2860845?
3, 5, 13, 17, 863
List the prime factors of 290515.
5, 97, 599
What are the prime factors of 692882?
2, 346441
What are the prime factors of 338248?
2, 42281
What are the prime factors of 2650962?
2, 3, 441827
What are the prime factors of 443259?
3, 16417
List the prime factors of 11474455.
5, 2294891
List the prime factors of 576635.
5, 115327
List the prime factors of 2033498.
2, 1016749
What are the prime factors of 9702920?
2, 5, 17, 19, 751
List the prime factors of 821411.
821411
What are the prime factors of 97030?
2, 5, 31, 313
What are the prime factors of 197548?
2, 13, 29, 131
What are the prime factors of 894442?
2, 447221
List the prime factors of 577273.
151, 3823
What are the prime factors of 1939413?
3, 7, 92353
List the prime factors of 375329.
79, 4751
List the prime factors of 450552.
2, 3, 18773
List the prime factors of 2233636.
2, 337, 1657
List the prime factors of 2481466.
2, 13, 95441
What are the prime factors of 211653?
3, 13, 67
List the prime factors of 773815.
5, 7, 22109
List the prime factors of 4088977.
4088977
What are the prime factors of 939618?
2, 3, 52201
List the prime factors of 9959406.
2, 3, 131, 12671
List the prime factors of 323573.
223, 1451
What are the prime factors of 418409?
281, 1489
What are the prime factors of 433625?
5, 3469
What are the prime factors of 3366924?
2, 3, 11, 23, 1109
List the prime factors of 473057.
13, 36389
List the prime factors of 2798350.
2, 5, 55967
List the prime factors of 265950.
2, 3, 5, 197
What are the prime factors of 8185430?
2, 5, 11, 74413
List the prime factors of 560616.
2, 3, 7, 47, 71
List the prime factors of 2229810.
2, 3, 5, 11, 29, 233
What are the prime factors of 2402187?
3, 800729
List the prime factors of 11400648.
2, 3, 7, 79, 859
What are the prime factors of 325088?
2, 10159
List the prime factors of 571896.
2, 3, 13, 47
What are the prime factors of 787656?
2, 3, 37, 887
What are the prime factors of 1416308?
2, 71, 4987
List the prime factors of 125436.
2, 3, 10453
List the prime factors of 240815.
5, 48163
List the prime factors of 171695.
5, 23, 1493
List the prime factors of 860549.
41, 139, 151
List the prime factors of 8900024.
2, 7, 103, 1543
List the prime factors of 471811.
271, 1741
What are the prime factors of 215510?
2, 5, 23, 937
List the prime factors of 577662.
2, 3, 43, 2239
List the prime factors of 466732.
2, 7, 79, 211
List the prime factors of 683939.
683939
List the prime factors of 10108726.
2, 5054363
List the prime factors of 287255.
5, 73, 787
What are the prime factors of 83590?
2, 5, 13, 643
List the prime factors of 523057.
53, 71, 139
What are the prime factors of 5263318?
2, 131, 20089
What are the prime factors of 2477568?
2, 3, 1613
List the prime factors of 3847204.
2, 827, 1163
What are the prime factors of 14157466?
2, 23, 53, 5807
What are the prime factors of 6460160?
2, 5, 7, 103
List the prime factors of 196420.
2, 5, 7, 23, 61
List the prime factors of 169202.
2, 11, 7691
List the prime factors of 1571320.
2, 5, 163, 241
List the prime factors of 259319.
211, 1229
List the prime factors of 986746.
2, 19, 23, 1129
List the prime factors of 98588.
2, 7, 503
List the prime factors of 2849043.
3, 811, 1171
List the prime factors of 392445.
3, 5, 17, 19
List the prime factors of 252531.
3, 47, 199
What are the prime factors of 106913?
17, 19, 331
What are the prime factors of 1766796?
2, 3, 29, 5077
List the prime factors of 320333.
13, 41, 601
What are the prime factors of 18612063?
3, 53, 39019
What are the prime factors of 19197922?
2, 41, 234121
List the prime factors of 388603.
17, 22859
What are the prime factors of 430793?
11, 39163
List the prime factors of 3502825.
5, 167, 839
What are the prime factors of 9971571?
3, 17, 43, 4547
What are the prime factors of 4187970?
2, 3, 5, 15511
List the prime factors of 3902717.
7, 13, 3299
List the prime factors of 139991.
139991
List the prime factors of 20807627.
229, 90863
What are the prime factors of 1353536?
2, 21149
List the prime factors of 2938776.
2, 3, 122449
What are the prime factors of 1052128?
2, 7, 11, 61
What are the prime factors of 326029?
11, 107, 277
List the prime factors of 6002121.
3, 359, 5573
What are the prime factors of 137389?
7, 19, 1033
What are the prime factors of 15296977?
41, 509, 733
List the prime factors of 217423.
41, 5303
What are the prime factors of 5184918?
2, 3, 96017
List the prime factors of 1150989.
3, 7, 23, 2383
List the prime factors of 262338.
2, 3, 23, 1901
What are the prime factors of 175830?
2, 3, 5, 5861
What are the prime factors of 1424158?
2, 17, 41887
What are the prime factors of 1076247?
3, 43, 103
What are the prime factors of 188611?
47, 4013
List the prime factors of 6542567.
197, 33211
List the prime factors of 89678.
2, 44839
List the prime factors of 4312870.
2, 5, 431287
What are the prime factors of 8300041?
8300041
List the prime factors of 39493.
73, 541
What are the prime factors of 131435?
5, 97, 271
What are the prime factors of 3424209?
3, 131, 8713
What are the prime factors of 10602630?
2, 3, 5, 107, 367
List the prime factors of 14491587.
3, 11, 23, 61, 313
List the prime factors of 1688243.
1688243
List the prime factors of 242441.
242441
What are the prime factors of 573474?
2, 3, 11, 8689
What are the prime factors of 3